er when s is divided by 28.
21
Let f = -134 + 196. What is the remainder when f is divided by 0 - -26 - 9/((-36)/(-16))?
18
Let d(p) = 39*p - 23. Let l be d(3). Let g = 99 - l. What is the remainder when 27 is divided by g?
2
Let f(m) = 2*m**3 - 39*m**2 - 63*m + 29. Calculate the remainder when 115 is divided by f(21).
28
Let j(r) = 3*r. Let d be j(3). Let m = d + 64. Calculate the remainder when m is divided by 37.
36
What is the remainder when 194 - (-4)/((-16)/20) is divided by 19?
18
Let d(t) = 3*t + 190. Let p be d(0). Let z = p - 103. What is the remainder when z is divided by 18?
15
Let o = 945 - 638. Calculate the remainder when o is divided by 22.
21
Let d be (11/(-4))/(4/48). What is the remainder when d/(-22)*220/6 is divided by 19?
17
What is the remainder when 137 is divided by -3 - (-63 + -4) - -6?
67
Let f be 5078/7 + 4/7. What is the remainder when f/18 - (-3)/(-9) is divided by 17?
6
Let t(h) = -10*h**2 - 149*h + 18. What is the remainder when 10 is divided by t(-15)?
1
Suppose -30 - 344 = -11*i. Suppose -42 + 3 = -3*y. Calculate the remainder when i is divided by y.
8
Suppose u + 0 = 3. Let r(v) = -v**3 + 3*v**2 - 4. Let f be r(u). Let i = f + 21. What is the remainder when 32 is divided by i?
15
Suppose -101*m - 4*g + 1118 = -100*m, 0 = m - 2*g - 1094. What is the remainder when m is divided by 85?
82
Let b = -678 - -843. Calculate the remainder when b is divided by 35.
25
Suppose 0 = -4*r + 2*r + 22. Suppose i = -4 + 43. What is the remainder when i is divided by r?
6
Calculate the remainder when 231 is divided by ((-1)/2)/((-17)/1598).
43
Suppose -16*v + 4*m + 139 = -13*v, -3*m - 43 = -v. Calculate the remainder when 194 is divided by v.
47
Let u(s) = -s + 24. Let r(l) = 24*l**2 + 16*l + 31. What is the remainder when r(-2) is divided by u(0)?
23
Suppose 4*g - 27 + 7 = 0. Suppose q - 1 = -g. Let u(h) = h**3 + 5*h**2 + 3*h. What is the remainder when 18 is divided by u(q)?
2
Suppose 0 = 2*y - 30 - 30. Let c be (6 + 0)*25/y. Suppose -c*v + 13 = -4*v. Calculate the remainder when 36 is divided by v.
10
Suppose -44*x - 3*x + 1645 = 0. Calculate the remainder when x is divided by 16.
3
Let q(o) = 2*o - 15. Let f be q(10). Suppose k + 52 = f*k. What is the remainder when k is divided by 4?
1
Suppose 5*j = -4*m + 4 + 13, -5*m - j + 16 = 0. Suppose 13 - 40 = -m*d. Calculate the remainder when 34 is divided by d.
7
Let b(w) = 27*w + 202. What is the remainder when b(8) is divided by 15?
13
Suppose s = 4*s. Suppose 2*k - 5*p - 200 = 0, -6*k + 2*k - 4*p + 456 = s. Calculate the remainder when ((-2)/4)/((-5)/k) is divided by 4.
3
Let q = 67 + -17. Calculate the remainder when q is divided by 290/22 + (-94)/517.
11
Suppose -2*t - 8 = -4. Let x(p) = -2*p**3 + 2*p**2 + p - 1. What is the remainder when x(t) is divided by 8?
5
Calculate the remainder when (50/(-15))/((-4)/54) is divided by 4/(-10) + (-261)/(-15).
11
Suppose -2*m + 6 = -2*o - 4, 3*m - 23 = -o. Let n = 0 - -3. Suppose -f - n*f = -100. What is the remainder when f is divided by m?
4
Suppose 0 = -2*z + 5*m + 128, 5*z - m - m = 320. Suppose -2*i - z = -10*i. Calculate the remainder when 44 is divided by i.
4
Let m = 21 + -9. Suppose 5*o - 1500 = -1270. Calculate the remainder when o is divided by m.
10
Let v = 876 - 854. Calculate the remainder when 48 is divided by v.
4
Let p = 13 - 13. Let o be 1560/20 + (-2)/(-1 + -1). Suppose 3*z - o - 44 = p. Calculate the remainder when z is divided by 14.
13
Suppose -2*q + 14 + 0 = 0. What is the remainder when (-273)/(-84)*(-1 + 9) is divided by q?
5
Let m = -31 - -34. Calculate the remainder when (-392)/(-21) + (-2)/m is divided by 7.
4
Let y = 12 - -32. Suppose 5*g = f + 58, -4*g - f + y = -3*f. Suppose -g = -2*m + m. What is the remainder when 45 is divided by m?
9
Let i(r) = r**3 - 14*r**2 + 14*r + 20. Let m(n) = -n**2 + 6*n + 5. Let z be m(7). What is the remainder when (-10)/(-15)*(-291)/z is divided by i(13)?
31
Suppose 0 = -f - o - 41, -4*f - 4*o = -8*o + 140. Let h = -22 - f. Let t(l) = -l**2 - 5*l + 5. Calculate the remainder when h is divided by t(-4).
7
Let m(q) = -9*q + 202. Calculate the remainder when m(20) is divided by 2.
0
Let g(s) = -s**3 + 3*s**2 - s + 3. Let m = 11 + -8. Let c be g(m). Calculate the remainder when 27 is divided by (2 + c)*(2 - -3).
7
Suppose -2*x - 3*f + 436 = 147, -2*x = -2*f - 274. What is the remainder when x is divided by 11?
8
Let w = 12 - 21. Let x = 72 + w. Calculate the remainder when x is divided by 6/4 - 58*3/(-12).
15
Let y(w) = -5*w**3 + 2*w**2 - 1. Let o = 45 + -15. Suppose v = -2*v + o. Calculate the remainder when v is divided by y(-1).
4
Calculate the remainder when 65 is divided by (2 - 8) + 3 - -14.
10
Let f(m) = 2*m**2 - 4*m + 4. Let t = -7 - -16. Let z be (t - -1)/(6/(-3)). What is the remainder when f(z) is divided by 19?
17
Let v = 77 - 10. Let t = -18 + 49. Let r = 49 - t. Calculate the remainder when v is divided by r.
13
Suppose -4*s - 41 + 145 = 0. Let i(x) = -x - 2. Let t be (-74)/8 + 2/8. What is the remainder when s is divided by i(t)?
5
Let u(m) = 4*m**2 - 14*m + 5. Calculate the remainder when u(4) is divided by 9*(3 + -2) + -2.
6
Suppose -14 = -a - 12. Suppose -2*p - a*p = -3*z - 113, 4*p - 95 = -3*z. Calculate the remainder when 47 is divided by p.
21
Let w(i) = 14 - 2*i**2 + i**2 + 1 + 12*i. Let r be w(13). Suppose 3 = g + r. Calculate the remainder when 2 is divided by g.
0
Calculate the remainder when (3 + (-2 - 2))*-23 is divided by 5.
3
Suppose 6*x + 36 = 3*x - 3*m, 22 = -x - 3*m. Let l(o) = -o**3 - 7*o**2 - 6*o - 13. What is the remainder when l(x) is divided by 17?
12
Let g = -1104 + 1111. What is the remainder when 111 is divided by g?
6
Let x = -20 + 64. Let z = x - 13. Calculate the remainder when 90 is divided by z.
28
Let m = 60 - 30. Suppose 5*r = 10 + m. Suppose 20 = -3*x + r*x. What is the remainder when 6 is divided by x?
2
Suppose -30 = -3*b - 12*b. Calculate the remainder when 42 is divided by b.
0
Let y = -35 - -72. What is the remainder when y is divided by 15?
7
Let o(a) = -a**2 + 6*a - 2. Let t be o(5). Let k = 31 - t. What is the remainder when 81 is divided by k?
25
Calculate the remainder when 70 - ((-22)/22)/(2/(-8)) is divided by 23.
20
Suppose 5*c = 18*c - 559. Calculate the remainder when 213 is divided by c.
41
Let x(i) = 5*i**2 + 7*i - 7. Calculate the remainder when 267 is divided by x(-4).
42
Let s(w) = 5*w**3 - 18*w**2 - 2*w - 8. Let i(l) = 14*l**3 - 53*l**2 - 6*l - 23. Let o(c) = 6*i(c) - 17*s(c). What is the remainder when 63 is divided by o(-12)?
19
Let t = 151 + -126. Let c(v) = -121*v**3 - v**2 - v - 1. What is the remainder when c(-1) is divided by t?
20
Suppose 4*k = -2*w + 46, 5*k + w - 40 = 10. Let m = k + 8. Suppose 0 = 13*o - 58 - 20. Calculate the remainder when m is divided by o.
5
Let m = -150 + 186. Suppose -2*p - x = -m, -5*p = -6*p - 2*x + 24. What is the remainder when 78 is divided by p?
14
Let d = 15 - 65. Let n = -47 - d. What is the remainder when 13 is divided by n?
1
Let k(s) = -s + 14. Let q be k(-12). Suppose -6 = 5*d - q. Calculate the remainder when 4 is divided by d.
0
Suppose -4*f + 60 = -2*h, 0*f = h + 2*f + 42. Calculate the remainder when -4 + 7 - -34*1 is divided by (-1)/(-1) + h/(-3).
11
Let k(v) = -v + 2. Let y be k(-3). Calculate the remainder when ((-140)/42)/((140/(-75))/14) is divided by (-2)/y + 94/10.
7
Suppose 20*w + 126 = 17*w. Let k = w - -80. What is the remainder when 74 is divided by k?
36
Suppose 93 = -3*i - 2*u, 3*i + i = -5*u - 124. Let k = 71 + i. Calculate the remainder when k is divided by 11.
7
Suppose -5*b + 20*c + 66 = 17*c, 0 = -c + 3. What is the remainder when b is divided by 13?
2
Let a(i) = i**3 + 7*i**2 + 16*i + 242. Calculate the remainder when 144 is divided by a(-8).
44
Suppose 0 = -5*t - 85 + 265. Let y be 4/6 + -10*(-19)/(-6). Let s = t + y. Calculate the remainder when 18 is divided by s.
3
Let i(l) = -l**3 + 9*l**2 - 12*l + 2. Suppose -5*k = -63 + 28. What is the remainder when 77 is divided by i(k)?
13
Suppose 6*r + 4 = 4*r. Let o(j) = 115*j - 797. What is the remainder when o(7) is divided by (-2 - -1)/(-1) - r?
2
Suppose 0 = 2*i + 2*h - 3*h - 86, 52 = i + 4*h. What is the remainder when 173 + (-1 - -4)*11/(-33) is divided by i?
40
Let q be (-9)/63 + 436/14